- 4*n. Let g = 11 - x. What is the remainder when k is divided by g?
3
Let u(k) = k**3 + k**2 - k + 1. Let d(m) = 2*m**3 + 7*m**2 + 2*m - 3. Let l(q) = -d(q) + 3*u(q). Calculate the remainder when 15 is divided by l(5).
3
Suppose -4*r + 3*z + 198 + 72 = 0, -r + 4*z + 61 = 0. Calculate the remainder when r is divided by (-2175)/(-90) + (-2)/12.
21
Let x = 26 + -15. Calculate the remainder when 32 is divided by x.
10
Suppose 3*y - 125 = -5*h + 4*y, -73 = -3*h + y. What is the remainder when h is divided by 7?
5
Let b(w) = w**2 + 6*w + 10. Calculate the remainder when b(7) is divided by 35.
31
Let b = 37 - 38. Let i = 37 - b. Let j = -2 - -15. Calculate the remainder when i is divided by j.
12
Let a = -3 - -6. Suppose a*f = 4*f + r - 36, 4*f - 158 = 3*r. What is the remainder when f is divided by 20?
18
Let m = -13 - -37. Calculate the remainder when m is divided by 7.
3
Let s(p) = -p**3 - 14*p**2 + p - 16. Let w(g) = 6*g**3 + 71*g**2 - 5*g + 81. Let v(r) = -11*s(r) - 2*w(r). What is the remainder when 5 is divided by v(12)?
1
Suppose -5*r - 352 = -9*r. Calculate the remainder when r is divided by 18.
16
Suppose -6*h = -7*h + 13. What is the remainder when 1 + 7/(7/48) is divided by h?
10
Suppose 0*y = 2*y - 5*d - 102, 270 = 5*y - 5*d. What is the remainder when y is divided by ((-38)/(-4))/((-2)/(-4))?
18
Let d(l) = -18*l + 1. Let p(f) = -2*f**2 - 2*f - 1. Let t be p(-1). What is the remainder when d(t) is divided by 7?
5
Let a(q) = -6*q**2 - 14*q + 12*q + 3*q**2 + q**3. Suppose 7 = 3*z - 2. What is the remainder when a(4) is divided by z?
2
Let v = -54 - 6. Let a = 94 + v. What is the remainder when a is divided by 12?
10
Suppose -29*d - 452 = -31*d. Calculate the remainder when d is divided by 57.
55
Suppose -4*m + 2*f - 4*f + 56 = 0, -4*f = -4*m + 44. What is the remainder when 48 is divided by m?
9
Suppose -766 = -11*j + 136. Let m = 26 + 2. What is the remainder when j is divided by m?
26
Suppose 12 = -3*p - 3*a + 6*a, -5*p - 4*a = 38. Let t = p - -9. Calculate the remainder when (-38)/(-5) - 6/(-15) is divided by t.
2
Let d = 22 + -8. Let f(j) = j**2 - 4*j - 2. Let u be f(4). Let t = d + u. What is the remainder when 45 is divided by t?
9
Suppose -5*z + 0*z = -30. Suppose 2*c + 160 = 7*c. Let r = 48 - c. What is the remainder when r is divided by z?
4
Calculate the remainder when (27/2)/(-1 - (-28)/24) is divided by 28.
25
Let c = 98 + -61. What is the remainder when 330 is divided by c?
34
Let h(r) = 4*r - 18. What is the remainder when h(18) is divided by 11?
10
Let z be (1 - (3 - 1))*0. Suppose z = -5*y - 0*y. Let i = 5 - y. What is the remainder when i is divided by 2?
1
Let x(z) = 2*z**2 + 5*z + 14. Let n be x(-9). Suppose 3*h - 3*r = -2*r + 82, n = 4*h + 3*r. What is the remainder when h is divided by 11?
7
Suppose 2*l - 5 = y, 4*y - y + 15 = 3*l. Suppose l = -5*o + t - 11 + 115, -3*o - t + 56 = 0. Let m = -17 - -24. Calculate the remainder when o is divided by m.
6
Suppose 4*p + 3*x - 52 = -x, 5*x + 43 = 4*p. Let r(m) = -m**2 - 12*m - 2. Calculate the remainder when r(-6) is divided by p.
10
Suppose 5*c - 5*g + 5 = 0, 2*g = 6*c - 2*c. Let s(d) = -d**2 - d. Let l be s(c). Let b(o) = -3*o + 2. What is the remainder when 30 is divided by b(l)?
6
Calculate the remainder when 43 is divided by 18 + -1 + -6 + 4.
13
Suppose b = 5*j + 22, 5*b - 25 = 5*j + 5. Suppose -b*u + 44 = -22. Calculate the remainder when u is divided by 18.
15
Let f(w) = -w**3 + 6*w**2 + 9*w - 2. Calculate the remainder when f(7) is divided by (21/(-6))/(2/(-4)).
5
What is the remainder when -2 - (0/1 - 55) is divided by 28?
25
What is the remainder when 67 is divided by ((0 - -48) + 1)*110/385?
11
Let l(o) = -o**3 - 6*o**2 - 2*o - 5. Let s be l(-5). Calculate the remainder when 10 is divided by 4/s + (-42)/(-10).
2
Let t(k) be the first derivative of -8*k - 1/4*k**4 + 8/3*k**3 + 1 - k**2. What is the remainder when t(7) is divided by 14?
13
Suppose -2*x + 2*p + 2 = 6, 0 = 5*x - 4*p + 8. Suppose x*g - 4*g - 4*c + 36 = 0, c = -5*g + 49. What is the remainder when 19 is divided by g?
9
Suppose -4 = h + 2. Let z = h + 12. Let b(j) = -j**3 + 2*j. Calculate the remainder when z is divided by b(-2).
2
Let g(u) = -u + 1. Let n be g(1). Suppose n = -5*p - 0*p + 55. Suppose 0*s = 5*s - 160. What is the remainder when s is divided by p?
10
Suppose -2*d + 4*w + 36 = 0, -2*w - 54 = -d - 3*d. Suppose -35 = -4*n + 3*n - 4*t, 4*n - 140 = -t. What is the remainder when n is divided by d?
11
What is the remainder when (-2)/(-5) - (-1281)/35 is divided by 20?
17
Suppose 3*k - 2*k + 12 = z, -3*z + 28 = k. Calculate the remainder when 7 is divided by (z/8)/(-1)*-4.
2
Let x(m) = 2*m**2 - 25*m + 25. Let a be 4*((-94)/(-4) + 0). Let t = a - 56. Calculate the remainder when t is divided by x(12).
12
Let k be (1 - -1)/(1 + 0). Let m(b) = -b + 11. Let a be m(9). Suppose a*y + 2*y + 4*o = 48, k*y + 5*o = 33. What is the remainder when 17 is divided by y?
8
Let u(y) = y**2 + 2*y - 7. Suppose -5 = -r + 2*r. What is the remainder when u(r) is divided by 5?
3
Let l(j) = -j**2 + 7. Let w(v) = v + 2. Let p be w(-2). What is the remainder when l(p) is divided by 3?
1
Suppose -5*p + 4*p = 3*j - 29, j = -3*p + 7. Let i = 42 - 5. What is the remainder when i is divided by j?
7
Let f = -2 - -10. Calculate the remainder when f is divided by 2.
0
Suppose 4*d - 5 = -d - 2*l, -d + 8 = -l. Suppose -18 = -d*y + 12. Suppose -2*p = -0*p - y. What is the remainder when 13 is divided by p?
3
Suppose -48 = -3*b + 21. Calculate the remainder when 159 is divided by b.
21
Suppose 0 = -5*n + 3*y + 19, -4*n - 8 = -4*y - 20. Calculate the remainder when n is divided by 5.
0
Suppose -5*o = -4*g + 19, o + 0*o - 5*g - 13 = 0. Let v = -26 - -46. What is the remainder when v is divided by (-46)/o + (-3)/(-7)?
6
Let o = 9 + -3. Suppose 3*g = -w + 23 - o, 0 = -g + 2. Let k = 23 - w. Calculate the remainder when 22 is divided by k.
10
Let c be (2/5)/(4/40). Let k = 24 - c. What is the remainder when 58 is divided by k?
18
Let o be (0/(9/(-3)))/(-2). Suppose -w + 0*f + 3*f + 21 = o, 3*w - 5*f - 51 = 0. What is the remainder when 350/w + (-1)/6 is divided by 16?
13
Suppose -5*a + 36 = -2*n, -2*a - 107 + 17 = 5*n. Calculate the remainder when (-2)/(-6) - 1380/n is divided by 20.
17
Suppose m = 4*m - 75. What is the remainder when 98 is divided by m?
23
Let q = 25 + -16. Calculate the remainder when 26 is divided by q.
8
Let m(g) = -g**2 - g + 6. Let c(n) = n + 9. Let b be c(-7). Suppose 5 = -2*h + x, -12 = 2*h - 2*x - b. Calculate the remainder when 10 is divided by m(h).
4
Suppose 0 = 3*d - h - 94, h - 3*h + 91 = 3*d. Calculate the remainder when 59 is divided by d.
28
Let c be (8/(-6))/((-2)/(-6)). Let d = 0 - c. Suppose 2*o - 5*o + 15 = 0, d*o - 30 = -5*f. Calculate the remainder when 4 is divided by f.
0
Let m(f) be the third derivative of f**6/60 - f**5/20 + f**4/8 - f**3/6 - 2*f**2. What is the remainder when 24 is divided by m(2)?
6
Let d = 172 + -80. Suppose 0 = -5*o + 2*u + d, 1 = -3*o + 3*u + 58. Calculate the remainder when 34 is divided by o.
16
Let c = -112 - -127. What is the remainder when 54 is divided by c?
9
Suppose -30 = -p - 5*q, -31 = -p + 4*q + 8. Let c be (-382)/(-8) + (-1)/(-4). Suppose g = 5*g - c. Calculate the remainder when p is divided by g.
11
Let i = 5 + 6. Let c = 72 + -40. What is the remainder when c is divided by i?
10
Let g(h) = -h**3 - 6*h**2 - h - 6. Let p be g(-6). Let z(v) = v + 24. What is the remainder when 46 is divided by z(p)?
22
Suppose 2*q - 12 + 2 = 0, o + 3*q = 24. Let u(x) = x + 5. Let s be u(0). Suppose s*g = -0*g + 130. Calculate the remainder when g is divided by o.
8
Let u = -16 - -31. Let l = u + -11. Calculate the remainder when 7 is divided by l.
3
Suppose -2*r + 13 + 51 = 0. What is the remainder when 222 is divided by r?
30
What is the remainder when 126 is divided by 2 + -6 - -32 - -4?
30
Suppose -2*x + 53 = 3*f + 2*x, -x = -5*f + 96. Calculate the remainder when 33 is divided by f.
14
Let h = 3 - 1. Calculate the remainder when 1/(-1) + h + 2 is divided by 2.
1
Let u = 265 - 163. Calculate the remainder when u is divided by 21.
18
Suppose -526 = -5*q - 126. Let o = q - 39. What is the remainder when o is divided by 11?
8
Suppose -39 = -4*m + 141. What is the remainder